me number?
True
Let p = 22225 - 10926. Is p composite?
False
Let v = -324193 + 510138. Is v prime?
False
Suppose 16346730 = 130*x - 11314280. Is x prime?
True
Is (1/4)/(1/462172) a prime number?
False
Is (291*1)/(10806706/337706 - 32) a prime number?
False
Let j = 35 - 35. Suppose -k + 102 + 1617 = j. Suppose -3*h = -336 - k. Is h composite?
True
Let q be (-3)/2 + (-6)/(-4). Is (2 + q)/((-5)/((-3580)/8)) a composite number?
False
Suppose -45*h + 50*h - 2*l - 287345 = 0, 2*h - 114962 = -4*l. Is h a composite number?
True
Suppose 0 = -5*m - g - 15222, 9*g - 12168 = 4*m + 5*g. Let l = -105 - m. Is l a prime number?
True
Suppose -6*z = 188 - 704. Let q = 92 - z. Suppose -q*k - 2694 = -7188. Is k a prime number?
False
Is 6 + -4 - -10 - -249573 - 8/(-1) composite?
False
Suppose 2418 = 4*o + 3*b - 5*b, 2*o + 2*b - 1224 = 0. Suppose 13*w + 4*r + 744 = 11*w, -4*r = 4*w + 1500. Let q = o - w. Is q a composite number?
True
Suppose -4 = -3*q + 2*h, 4*h + 8 = 5*q - q. Let x be q/((-1)/3*(7 - 4)). Is x + (2155 + -4 - -4) - 0 composite?
True
Let p(v) = 139*v**2 + 115*v - 25. Is p(34) composite?
False
Suppose 0 = -3*y - 9, -7 = 2*p - 3*p + y. Suppose 48*f - 72 = 39*f. Is (p - 0)/(f/52) composite?
True
Let x(a) = a**2 + 295*a + 228. Is x(70) composite?
True
Let k be 7 - 3 - -1 - (1 - 1). Suppose k*u - 7103 = 2*a, 4*u - 230 = -a - 3762. Let g = 5199 + a. Is g prime?
False
Suppose 211512 + 238291 = 17*n. Is n composite?
False
Suppose -1159*h + 1270*h = 69177198. Is h prime?
False
Suppose 3*i - 442781 = -2*r, 116*i = 111*i - 4*r + 737969. Is i a composite number?
True
Suppose -9*u = 106254 - 320481. Let k = u - 16566. Is k prime?
True
Let d be 2 + 7/((-14)/(-4)). Let v be (12/(-15))/((-4)/(-10)). Is ((-9)/(-2) - d) + (-1513)/v a prime number?
True
Suppose 15*g - 598402 = 1012583. Is g prime?
False
Let a be (263709/24)/1 - 3/(-24). Let q = 42753 - a. Is q a composite number?
True
Let z(c) = c + 4. Let d be z(0). Let l = -1081 - -1085. Suppose 0 = -2*s + d*n - 320 + 4814, -l*n + 2241 = s. Is s a prime number?
False
Let p = 52 + -47. Suppose 529 = p*h - 136. Let l = h - 74. Is l a prime number?
True
Let z be 19/(-152) - (-23)/(-8). Is z/(105/(-14)) + (-93)/(-5) a prime number?
True
Let m(g) = 586*g**3 - 8*g**2 + 2*g + 10. Let s be m(5). Let l = -45381 + s. Is l a prime number?
True
Let i(j) = 177*j**2 - 22*j + 7. Let n be i(-8). Suppose 3*y - 2*y = 5*s + n, 3*s + 57489 = 5*y. Suppose 7*p - y = -p. Is p a composite number?
True
Suppose -4*t - 5*j = -200446, -t - 16*j + 12*j + 50095 = 0. Is t prime?
True
Let u(l) = 10*l - 47. Let v be u(12). Suppose -1496 = 4*m + 3*q, -5*q = -2*m - 701 - v. Let x = m + 879. Is x a prime number?
False
Let i = 258238 + -1707. Is i a composite number?
True
Suppose -q + 5*m - 2815 = 14115, 2*q + 33860 = -2*m. Let c = -8879 - q. Is c prime?
False
Suppose 11*s - 89859 = 4*s - 14*s. Is s prime?
False
Is ((-46341)/18 + 1)*(0 + -2) a composite number?
False
Let q = 667137 + -386386. Is q composite?
False
Is ((-40)/(-16))/(70/2091992) a prime number?
False
Let a(t) = -t**2 + 4*t + 31. Let h be a(7). Suppose -h*v = -14*v - 2360. Let j = -197 - v. Is j a composite number?
True
Let y be (115/3)/((-3)/(-9)). Let z be 5*270/50 - 4 - -7. Let k = y + z. Is k a prime number?
False
Suppose 3*i - 2*t + 1139 = 5780, 3*i - 5*t - 4659 = 0. Is i a prime number?
True
Suppose 3*q = -4*a + 68, -36 = -4*a - 5*q + 24. Let s = a + 125. Is s prime?
False
Let n(a) = 5*a + 14. Let z be n(-19). Let y = z - -63. Is (-3)/y + (-5271)/(-18) a composite number?
False
Suppose 72*s = -33*s + 37*s + 7425532. Is s a prime number?
True
Suppose -11*a - 77 + 1254 = 0. Let f(h) = a*h - 22 + 11 + 10 + 11. Is f(3) a composite number?
False
Let s(v) = v - 2 + 1837*v**2 - 1653*v**2 - 2*v. Let f be s(2). Let l = -341 + f. Is l a composite number?
True
Is (49488/(-16) + -16)/((-2)/22) composite?
True
Let z(t) be the third derivative of t**7/840 + t**6/72 - t**5/15 - t**4/8 + t**3/2 - 8*t**2. Let q(o) be the first derivative of z(o). Is q(-6) a prime number?
False
Is (-4)/6 + ((-4257944)/(-12) - 7) prime?
False
Let l = 76 - 59. Suppose p = -2*p - 2*w + 65, -p + 4*w + l = 0. Is (4 - p/5) + (-2866)/(-5) a composite number?
True
Let t = -303 + 317. Suppose -t*q = -20*q + 15078. Is q a composite number?
True
Suppose 15 - 15 = -5*s. Suppose -4*a - a + 25 = s, 0 = 2*g - 5*a + 9. Suppose -9*y + 251 = -g*y. Is y a prime number?
True
Let n(d) = 61*d**3 - 4*d**2 - 11*d + 7. Let c be n(5). Suppose 22*s = c + 14721. Is s composite?
False
Let m = 1 - 16. Is ((-1657)/4)/((m/20)/3) composite?
False
Let h(i) = 13*i**2 + i. Let j be h(-1). Suppose -251 - 84 = -385*f + 435. Suppose -j = -f*q + 8. Is q a composite number?
True
Suppose -5*v - 15 = 5. Let a(h) = -2*h**3 + 10*h**2 + 5*h - 11. Let u(q) = -2*q**3 + 9*q**2 + 6*q - 10. Let t(s) = v*a(s) + 5*u(s). Is t(-5) a prime number?
False
Let j(a) = 20*a - 13. Suppose -82 = -6*v - 28. Let c = 26 - v. Is j(c) a composite number?
True
Suppose 24*h - 3*l + 647662 = 26*h, -4*h = 4*l - 1295332. Is h a composite number?
False
Let a = -38 + 45. Suppose -a = -5*t + 3. Suppose 3*y - 5450 = 5*k - 10*k, -3*y - 2159 = -t*k. Is k a composite number?
False
Let h = 304775 - 176754. Is h prime?
True
Let r(c) = 16 - 15 + 9 + c + 24. Let h be r(-14). Suppose -p + 191 + h = 0. Is p a prime number?
True
Suppose 37 = 8*z - 35. Suppose 2*h - z = h. Suppose 0 = h*a - 12915 + 4338. Is a a composite number?
False
Suppose -25383677 = 2*a - 6*a + s, 4*s - 95188781 = -15*a. Is a prime?
True
Let m = 11774 + -2263. Is m composite?
False
Let l be (-6)/(-15) - 737568/45. Let s = l - -24641. Is s a composite number?
True
Let d be (-4)/(26/(-6) + 5). Is (33828/6)/(d/(-15)) a composite number?
True
Let g(k) = 2*k**2 + 52*k - 32. Let p be g(-26). Is (-3 + 2)*p/(-80)*-8915 a prime number?
False
Let o = -16 - -18. Suppose 0 = -2*a - o*w - 3*w + 37, 4*w = 4. Let j(y) = -y**2 + 22*y + 23. Is j(a) composite?
True
Suppose -4*j + 671878 = -3*v, -13*j - 3*v + 167977 = -12*j. Is j a composite number?
False
Suppose -4*n = -3*o + 4, -4*o + 3*n - 6 = -16. Suppose 2*g - 5*f - 1815 = g, 4*g + o*f - 7164 = 0. Is g composite?
True
Let i(s) = 2*s - 25. Suppose -15 = 10*n - 11*n. Let m be i(n). Is 1/(2/(7010/m)) a prime number?
True
Suppose -2*c = 4*n + 12, 0 = 35*n - 33*n + 6. Suppose 5*q - 5*m = 62480, c = 2*q - 0*m + 3*m - 25007. Is q a prime number?
False
Let t(k) = 105*k + 9. Let i = 18 - 15. Let c be t(i). Suppose 2*x - c = 354. Is x prime?
False
Let b be (2 + 1)/((312/65)/8). Suppose -b*y = -8*y - f + 9107, 4*y - 12152 = f. Is y a composite number?
False
Let c be (-6)/21 + (-3)/21*-1978454. Is c/84 + (-3)/(63/(-6)) composite?
True
Let z be (-1)/((-4)/2488*(-6)/(-87)). Suppose -8*h + z = -15069. Is h prime?
True
Is 297573/24 + -8 + (-3)/(-24) composite?
False
Let n be 11/(-22) + (-70470)/4 + 1. Let a = n + 30378. Is a composite?
True
Let x = 284 + -281. Suppose x*u - 219212 = -4*f, -2*f = -4*u - 25689 - 83917. Is f composite?
True
Let s = 49489 + 47926. Is s a composite number?
True
Let o(m) = m**3 + 18*m**2 - m - 6. Let f be o(-11). Suppose 3*y = 87 + f. Suppose 3*h - 460 = -2*c + y, 2*c = 3*h - 781. Is h composite?
True
Let i be (-26)/((11/55)/((-8)/(-10))). Is 12282/14 - i/(-364) prime?
True
Let m(f) = 3*f + 791. Let y be m(0). Suppose -2002 = 7*j + y. Let d = j + 1013. Is d a prime number?
False
Suppose 5*s - 4*t = 0, -s = 2*s + 2*t - 22. Suppose 2*a = -s*h, -2*h + 8 = 2*a + a. Is 24/(-16)*(-757 + -1) + h composite?
True
Let c be (1 + (-373)/(-2))/(6/60). Suppose 8*b = 6469 + c. Is b a prime number?
False
Let b(f) = -206*f + 271. Is b(-40) a prime number?
False
Let f be (-149925)/(-4) + (-48)/(-64). Suppose f = 8*i - 2*i. Is i a composite number?
False
Suppose -17*k = k - 36. Suppose y + k*x = -y + 9060, -2*y + 2*x + 9072 = 0. Is y a composite number?
True
Let u = -25 + 42. Let t(m) = 0*m**2 + m**2 + 24 - 20 + 6*m. Is t(u) a composite number?
True
Suppose l + 2*t - 23 = 0, 4*t - 3*t = l - 8. Suppose -3*a = -2*g + 3115, -l*g - a = -17*g + 6235. Is g a composite number?
False
Let i = 377936 - 225481. Is i composite?
True
Let a(j) = -147*j**3 - 5*j**2 + j + 1. Let g be a(1). Let d = g - -511. Is d a composite number?
True
Let k(j) be the second derivative of 2*j**4 - 7*j**3/6 - 23*j**2/2 + 48*j. Is 